- 12/(-4)) + -25. Determine d(u).
-4
Let z(m) = -25*m + 871. Let w be z(36). Let s(b) = -b**2 - 27*b + 57. What is s(w)?
-1
Let x(m) = 3160*m - 18966. Let y be x(6). Let i(h) = h**3 + 7*h**2 + 6*h + 13. What is i(y)?
13
Let p(f) = -f**2 - 2*f + 4. Let x = 94 + -42. Suppose -16 = -9*z - x. What is p(z)?
-4
Suppose -6*s + 51 - 27 = 0. Suppose -2*h = 2*y - 4*y - 4, h + s*y - 12 = 0. Let n(o) = -5 - 2*o**2 + h*o - o**3 + 7 - 2*o + 0*o. Determine n(-3).
5
Let o(w) be the second derivative of w**5/10 - 13*w**4/4 + 3*w**3 + 5*w**2/2 + 47*w - 23. Calculate o(19).
-14
Let x(o) = 27 + 12*o - 4333*o**2 + 8667*o**2 - 4333*o**2. Determine x(-5).
-8
Let a be 1 + 0 + 56/14 + 267. Let h(p) = -12 - 548*p**2 - 7*p + 277*p**2 + a*p**2. What is h(8)?
-4
Let b(l) = -2*l - 1. Suppose 6*j - 174 = -0*j. Let p = -20 - j. Let t be (560/p)/2 + 2/(-7). What is b(t)?
11
Suppose 5*i + 3 - 8 = 0. Let k(x) = 72*x - 263 - 70*x + 262 + 5*x**3. Give k(i).
6
Let m(t) = 147 - 80 - 78 + 7*t. Determine m(5).
24
Let d = -3896 + 3899. Let n(m) = -7*m**2 - 3*m - 3. Determine n(d).
-75
Let l(s) = -5*s**2 - 54*s + 15. Let q(g) = g**3 - 3*g**2 - 24*g + 25. Let n be q(6). Give l(n).
4
Let g(x) be the first derivative of x**3/3 + 11*x**2/2 + 28*x + 829. What is g(-8)?
4
Suppose -3213*q + 3225*q = -264. Let j(n) = n**2 + 26*n + 88. Give j(q).
0
Let j = 159 + -156. Let o(n) = n**3 - j + 23*n - 10*n - 19*n + 6*n**2 + 1. Determine o(-7).
-9
Let a(r) = -23*r + 4. Let h be a(3). Let d = h - -45. Let u be (-3)/((20/30)/(d/18)). Let x(q) = -4*q + 3. What is x(u)?
-17
Let b(d) = -17*d**2 + 3 + 8*d**2 - 4 - 30*d + 29*d - 18*d**2. What is b(1)?
-29
Let z(v) = 2*v + 8. Let q(k) = 2*k**2 - 23*k - 28. Let g be q(13). Let j(s) = 2*s**2 - 20*s - 6. Let r be j(g). Suppose 0 = 8*x + 64 - r. Determine z(x).
-4
Let c(v) = -3*v**2 - v + 6. Let t = 1170 - 1168. Give c(t).
-8
Suppose 0 = 5*c + a - 2*a - 4, 3*a = -12. Suppose -18*k + 44 + 28 = c. Let m(f) = 3*f - 15. What is m(k)?
-3
Suppose 0*r = 2*j + 3*r - 3, -2*r = 2. Let g(o) = 36*o + 3. Let v(x) be the first derivative of 11*x**2 + x + 34. Let m(q) = 3*g(q) - 5*v(q). Determine m(j).
-2
Let j(o) = -o**2 - 15*o - 34. Let x be j(-11). Let t(q) = 2*q**2 - 9*q - 17. Let c be t(x). Let g(n) = -c + n + 89 - 4*n. Give g(4).
-16
Let o be -5 - (-68*5 - -7). Let j(d) = 118 - 2*d - o + 115 + 112. Determine j(9).
-1
Let h(r) = -r**3 - 4*r**2 + 64*r + 42. Let u be h(-10). Suppose -5*a - z = z - 20, 12 = 3*a + 4*z. Let q(t) = a*t**2 - 1 - t**2 - t - t**2 - 3*t**u. Give q(-1).
-1
Let u(c) = -2*c - 11. Let a(o) = o + 6. Let l(i) = -9*a(i) - 4*u(i). Let s be (-54)/81 + (-1)/3*10. Let b be (-1)/(s - 42/(-10)). Calculate l(b).
-5
Suppose 6 = -5*p + 3*l - 26, -3*p + 3*l - 24 = 0. Let a(g) be the second derivative of -g**4/12 - 5*g**3/6 + 3*g**2/2 - 70*g + 2. Give a(p).
7
Let z(n) = -2*n + 3. Let w be z(2). Let t be 2 - (1 + -6 - w). Let i(x) = -88*x - 4. Let u(g) = -123*g - 6. Let o(q) = 7*i(q) - 5*u(q). Determine o(t).
-4
Let r be (316/44 - 7) + (-20)/(-11). Suppose r*u + u = -b - 4, u + 5*b = -20. Let v(s) = -s - 19. Give v(u).
-19
Let s(u) = -4*u + 1. Suppose -10 + 16 = 3*f. Let t(z) = -21*z + 5. Let j(i) = f*t(i) - 11*s(i). Let x(r) = -r**2 - 10*r + 16. Let g be x(-11). Give j(g).
9
Let c(d) = d**2 + 16*d + 17. Let t be c(-15). Suppose -2*h - 15 = -5*h. Suppose 6 = -3*x, -x = -n + t*x + h. Let l(y) = 4*y**2 - 2*y - 1. Calculate l(n).
5
Let r(z) = z**2 - 5*z - 23. Suppose 40*i + 9*i + 237 - 41 = 0. Give r(i).
13
Let x(w) be the second derivative of -w**4/12 - 4*w**3/3 + 22*w**2 + 873*w. What is x(-13)?
-21
Let g(q) be the first derivative of -1/20*q**5 - 13*q**2 - 1/6*q**3 + 0*q - 25 + 1/24*q**4. Let f(y) be the second derivative of g(y). Determine f(1).
-3
Let s(b) = -b**3 + b**2 - 3*b + 3. Suppose 0 = -2*d + 226 + 132. Let r = 107 - d. Let m = r - -74. Calculate s(m).
-7
Let p(v) = -v**3 - 8*v**2 - 9*v + 19. Let b be p(-6). Let c(i) = 19 - b + 10 + 4*i. Let l be c(-7). Let k(o) = o**2 + o - 3. Determine k(l).
-3
Let k(q) = -26726*q**2 + 4*q**3 - 2*q - 5*q**3 + 4 + 26733*q**2 - 2. What is k(6)?
26
Let c(y) = -4 + 6*y + 12*y - 5*y + 9. Let q(l) = -15*l - 7. Let v(t) = -6*c(t) - 5*q(t). Give v(-4).
17
Let w(q) be the first derivative of -q**2/2 + 7*q + 46. Let s(b) = b - 5. Let m be s(9). What is w(m)?
3
Let h(x) be the first derivative of x**4/4 - 26*x**3/3 - 60*x**2 - 88. Let y be h(30). Let a(p) = -p**2 + 2*p + 3. Calculate a(y).
3
Let p(w) = 10*w - 13. Let f(n) = 8*n - 5. Let o(r) = -4*f(r) + 3*p(r). Let x = 50 + -56. Calculate o(x).
-7
Let n(f) = 19*f + 547. Let z = 11908 + -11936. Determine n(z).
15
Let z(m) = 59*m. Let h be 0/((154/693)/(2/36)). Give z(h).
0
Let z(c) = c + 1. Let j be z(1). Let h(p) = 4 + 0 + 2 + p**3 + 7*p**j. Suppose 334*q + 1689 + 649 = 0. What is h(q)?
6
Let u(k) = -2*k - 7. Suppose -5*q - 31 = -2*t, 2*q + 7 = -2*t + t. Suppose -3*f - 2*z = 26, 6*z - t*z + 24 = -2*f. What is u(f)?
5
Let t(n) = 20*n + 2. Let s(a) = a**2 - 5*a - 7. Let d be s(7). Let b(x) = -14*x - 1. Let l(m) = d*b(m) + 5*t(m). Determine l(-5).
-7
Let g(k) = -k**3 + 2*k**2 + 79*k + 7. Let u be g(10). Let c(p) = 2*p**2 + 4*p - 1. What is c(u)?
5
Let m = -7918 - -7920. Let v(w) be the first derivative of -27 + 1/2*w**2 + w + 1/4*w**4 - m*w**3. Calculate v(4).
-27
Let w be 48/5 - (-42)/(-70). Let a(t) be the second derivative of t**4/12 - 5*t**3/6 - 9*t**2/2 - t + 335. Determine a(w).
27
Suppose 0 = 3*y - 2*d - 22, 4*y - 2*d = -d + 21. Suppose 14 = y*r + 6. Let l(a) = -211*a - 2*a**2 + 211*a + 14 + a**r. Calculate l(0).
14
Let l(c) = -2*c**3 - 14*c**2 + 15*c + 76. Let f(y) = 3*y**3 + 22*y**2 - 22*y - 113. Let m(j) = 5*f(j) + 7*l(j). Calculate m(-12).
27
Let t(l) = -83*l + 381 - 1 + 154 - 97 + 21*l. What is t(7)?
3
Let a = 30 - 31. Let j be a - (0/((-8)/4) + -49). Suppose -4*h + j = 16. Let r(v) = v**2 - 7*v + 7. Determine r(h).
15
Let o(t) = -4*t**2 - 4*t + 5*t**2 + 9*t - 7. Suppose -3*q - m - 21 = 0, 53*q + 2*m + 2 = 55*q. Calculate o(q).
-7
Let v = 106 + -103. Let o(r) = 130*r - 259*r + 130*r - v. What is o(-3)?
-6
Suppose -s - 5*u = -0 + 2, 59 = 5*s + 2*u. Let d(o) = o**3 + s*o - 7*o**2 - 10*o + 5 - 5*o. What is d(7)?
-9
Let d(u) = -u**2 + 5*u - 2. Let w(n) = 0*n + 0*n**2 + n**2 - 4 + 3*n. Suppose 20*k - 20 = -24 - 96. Let z be w(k). What is d(z)?
-8
Let u(i) be the first derivative of -i**2 + 748 + 0*i**2 - 382 - 377. Suppose -g - 2*p + 16 = 0, 5*g - 6*p - 24 = -2*p. What is u(g)?
-16
Let w(k) be the first derivative of -3*k**3 - k**2 - 8*k + 153. Let r(s) = 25*s**2 + 7*s + 23. Let b(l) = -4*r(l) - 11*w(l). What is b(-5)?
1
Let b(d) = -132*d + 429*d - 134*d - 162*d - 57. Let z be 7/(35/(-10)) - (0 - 2). Calculate b(z).
-57
Let c be -5 - (-18)/3 - 5. Let g(s) = s**2 + s + 2. Let w(x) = -x**2 - 2*x - 3. Let m(k) = c*g(k) - 3*w(k). What is m(2)?
1
Let n(o) = o**2 + 3*o. Let l(r) = 7*r**2 + 29*r + 2. Let m(q) = -l(q) + 6*n(q). Determine m(-15).
-62
Let o(s) be the second derivative of -8*s + 2 + 1/6*s**3 + 3/2*s**2. Suppose -9 = 3*x - 0. Determine o(x).
0
Let y = -6 + 6. Suppose y = -z + 5 - 0. Let g(k) = 5*k + 2 - 1 + 17915*k**2 - 17916*k**2. Determine g(z).
1
Let r(k) = 49*k + 1811. Let x be r(-37). Let m(u) = 16*u + 27. Give m(x).
-5
Suppose 15 = 2*q - 3*w, 3*w + 10 + 5 = q. Let v(y) = -y**2 + 4*y**2 + 5 - 2*y**2 + q*y**2 + 92*y - 99*y. Give v(7).
5
Suppose 0 = -2*b + 3*b - 6. Let n(j) = -13*j + 28. Let k(l) = 11*l - 24. Let i(t) = -7*k(t) - 6*n(t). Calculate i(b).
6
Let y(g) be the second derivative of g**6/360 - 3*g**5/40 + 5*g**4/24 + 52*g**3/3 + 25*g. Let u(j) be the second derivative of y(j). What is u(6)?
-13
Let d(v) be the second derivative of v**5/20 - v**4/2 - 8*v**3/3 + 7*v**2 - 1980*v - 1. What is d(8)?
14
Let f(c) = -99*c - 417. Let m be f(-4). Let g(o) = -o**3 - 23*o**2 - 41*o + 40. Give g(m).
19
Let t(b) = -b**3 - 6*b**2 + b - 5. Suppose 0*m + 240 = 20*m. Suppose 2*x - 6*x - m = 0, 4*a - 5*x + 9 = 0. Give t(a).
-11
Let s(a) = a**3 - 5*a**2. Let q be s(5). Suppose -7*c - 15 - 6 = q. Let i(r) = -14*r - 37. Let n(z) = 5*z + 13. Let y(w) = 6*i(w) + 17*n(w). Give y(c).
-4
Let i(u) = -u**2 + 22*u - 63. Let m be i(17). Suppose -38*f = -m*f + 32. Let s(z) = 2*z + 1. Determine s(f).
-3
Suppose 0 = -3*n - 3, 3*n = -2*a - 47 + 52. Let f(h) = -5*h**3 + 4*h**2 - 3*h + 2. Let 